{"id":1584,"date":"2021-09-02T16:44:42","date_gmt":"2021-09-02T16:44:42","guid":{"rendered":"http:\/\/dummy.xtemos.com\/woodmart2\/elementor\/?page_id=1584"},"modified":"2024-03-22T09:47:05","modified_gmt":"2024-03-22T06:47:05","slug":"home-fullscreen","status":"publish","type":"page","link":"https:\/\/www.cihanoglumimarlik.com\/","title":{"rendered":"Home Fullscreen"},"content":{"rendered":"\t\t<div data-elementor-type=\"wp-page\" data-elementor-id=\"1584\" class=\"elementor elementor-1584\">\n\t\t\t\t<div class=\"wd-negative-gap elementor-element elementor-element-c7b8410 wd-section-stretch-content e-flex e-con-boxed e-con e-parent\" data-id=\"c7b8410\" data-element_type=\"container\" data-settings=\"{&quot;content_width&quot;:&quot;boxed&quot;}\" data-core-v316-plus=\"true\">\n\t\t\t\t\t<div class=\"e-con-inner\">\n\t\t\t\t<div class=\"elementor-element elementor-element-a790c17 elementor-widget elementor-widget-slider_revolution\" data-id=\"a790c17\" data-element_type=\"widget\" data-widget_type=\"slider_revolution.default\">\n\t\t\t\t<div class=\"elementor-widget-container\">\n\t\t\t\n\t\t<div class=\"wp-block-themepunch-revslider\">\n\t\t\t<!-- START Fullscreen REVOLUTION SLIDER 6.6.20 --><p class=\"rs-p-wp-fix\"><\/p>\n\t\t\t<rs-module-wrap id=\"woodmart-layout-full-screen_wrapper\" data-source=\"gallery\" style=\"visibility:hidden;background:#212121;padding:0;\">\n\t\t\t\t<rs-module id=\"woodmart-layout-full-screen\" style=\"\" data-version=\"6.6.20\">\n\t\t\t\t\t<rs-slides style=\"overflow: hidden; position: absolute;\">\n\t\t\t\t\t\t<rs-slide style=\"position: absolute;\" data-key=\"rs-5\" data-title=\"Karl\u0131da\u011f Grandis\" data-thumb=\"\/\/www.cihanoglumimarlik.com\/wp-content\/uploads\/2024\/03\/karlidag323232-100x50.png\" data-anim=\"e:slidingoverlay;ms:1300ms;\" data-in=\"o:1;y:(100%);\" data-out=\"a:false;\">\n\t\t\t\t\t\t\t<img fetchpriority=\"high\" decoding=\"async\" src=\"\/\/www.cihanoglumimarlik.com\/wp-content\/plugins\/revslider\/public\/assets\/assets\/dummy.png\" alt=\"\" title=\"karlidag323232\" width=\"3438\" height=\"1875\" class=\"rev-slidebg tp-rs-img rs-lazyload\" data-lazyload=\"\/\/www.cihanoglumimarlik.com\/wp-content\/uploads\/2024\/03\/karlidag323232.png\" data-no-retina>\n<!---->\t\t\t\t\t\t<\/rs-slide>\n\t\t\t\t\t\t<rs-slide style=\"position: absolute;\" data-key=\"rs-1\" data-title=\"Loft Marin\" data-thumb=\"\/\/www.cihanoglumimarlik.com\/wp-content\/uploads\/2024\/05\/LOFT-MARIN-8-scaled-100x50.jpg\" data-anim=\"e:slidingoverlay;ms:1300ms;\" data-in=\"o:1;y:(100%);\" data-out=\"a:false;\">\n\t\t\t\t\t\t\t<img decoding=\"async\" src=\"\/\/www.cihanoglumimarlik.com\/wp-content\/plugins\/revslider\/public\/assets\/assets\/dummy.png\" alt=\"\" title=\"LOFT MAR\u0130N 8\" width=\"2560\" height=\"1280\" class=\"rev-slidebg tp-rs-img rs-lazyload\" data-lazyload=\"\/\/www.cihanoglumimarlik.com\/wp-content\/uploads\/2024\/05\/LOFT-MARIN-8-scaled.jpg\" data-no-retina>\n<!---->\t\t\t\t\t\t<\/rs-slide>\n\t\t\t\t\t\t<rs-slide style=\"position: absolute;\" data-key=\"rs-2\" data-title=\"Luna Villalar\u0131\" data-thumb=\"\/\/www.cihanoglumimarlik.com\/wp-content\/uploads\/2024\/04\/Luna-Villalari-5-1-scaled-100x50.jpg\" data-anim=\"e:slidingoverlay;ms:1300ms;\" data-in=\"o:1;y:(100%);\" data-out=\"a:false;\">\n\t\t\t\t\t\t\t<img decoding=\"async\" src=\"\/\/www.cihanoglumimarlik.com\/wp-content\/plugins\/revslider\/public\/assets\/assets\/dummy.png\" alt=\"\" title=\"Luna Villalar\u0131 5\" width=\"2560\" height=\"1280\" class=\"rev-slidebg tp-rs-img rs-lazyload\" data-lazyload=\"\/\/www.cihanoglumimarlik.com\/wp-content\/uploads\/2024\/04\/Luna-Villalari-5-1-scaled.jpg\" data-bg=\"p:10% 68%;\" data-no-retina>\n<!---->\t\t\t\t\t\t<\/rs-slide>\n\t\t\t\t\t\t<rs-slide style=\"position: absolute;\" data-key=\"rs-7\" data-title=\"Pay\u0131r Villalar\u0131\" data-thumb=\"\/\/www.cihanoglumimarlik.com\/wp-content\/uploads\/2024\/03\/1051-RENDER-5-1-scaled-100x50.jpg\" data-anim=\"e:slidingoverlay;ms:1300ms;\" data-in=\"o:1;y:(100%);\" data-out=\"a:false;\">\n\t\t\t\t\t\t\t<img loading=\"lazy\" decoding=\"async\" src=\"\/\/www.cihanoglumimarlik.com\/wp-content\/plugins\/revslider\/public\/assets\/assets\/dummy.png\" alt=\"\" title=\"1051 RENDER 5\" width=\"2560\" height=\"1024\" class=\"rev-slidebg tp-rs-img rs-lazyload\" data-lazyload=\"\/\/www.cihanoglumimarlik.com\/wp-content\/uploads\/2024\/03\/1051-RENDER-5-1-scaled.jpg\" data-no-retina>\n<!---->\t\t\t\t\t\t<\/rs-slide>\n\t\t\t\t\t\t<rs-slide style=\"position: absolute;\" data-key=\"rs-3\" data-title=\"Evran Konaklar\u0131\" data-thumb=\"\/\/www.cihanoglumimarlik.com\/wp-content\/uploads\/2025\/04\/r7-scaled-100x50.jpg\" data-anim=\"e:slidingoverlay;ms:1300ms;\" data-in=\"o:1;y:(100%);\" data-out=\"a:false;\">\n\t\t\t\t\t\t\t<img loading=\"lazy\" decoding=\"async\" src=\"\/\/www.cihanoglumimarlik.com\/wp-content\/plugins\/revslider\/public\/assets\/assets\/dummy.png\" alt=\"\" title=\"r7\" width=\"2560\" height=\"1545\" class=\"rev-slidebg tp-rs-img rs-lazyload\" data-lazyload=\"\/\/www.cihanoglumimarlik.com\/wp-content\/uploads\/2025\/04\/r7-scaled.jpg\" data-bg=\"p:0% 70%;\" data-no-retina>\n<!---->\t\t\t\t\t\t<\/rs-slide>\n\t\t\t\t\t\t<rs-slide style=\"position: absolute;\" data-key=\"rs-4\" data-title=\"Marmara Konutlar\u0131\" data-thumb=\"\/\/www.cihanoglumimarlik.com\/wp-content\/uploads\/2024\/03\/320-2-RENDER-3-1-scaled-100x50.jpg\" data-anim=\"e:slidingoverlay;ms:1300ms;\" data-in=\"o:1;y:(100%);\" data-out=\"a:false;\">\n\t\t\t\t\t\t\t<img loading=\"lazy\" decoding=\"async\" src=\"\/\/www.cihanoglumimarlik.com\/wp-content\/plugins\/revslider\/public\/assets\/assets\/dummy.png\" alt=\"\" title=\"320-2 RENDER 3\" width=\"2560\" height=\"1280\" class=\"rev-slidebg tp-rs-img rs-lazyload\" data-lazyload=\"\/\/www.cihanoglumimarlik.com\/wp-content\/uploads\/2024\/03\/320-2-RENDER-3-1-scaled.jpg\" data-bg=\"p:0% 100%;\" data-no-retina>\n<!--\n\t\t\t\t\t\t\t--><rs-group\n\t\t\t\t\t\t\t\tid=\"slider-1-slide-4-layer-0\" \n\t\t\t\t\t\t\t\tdata-type=\"group\"\n\t\t\t\t\t\t\t\tdata-xy=\"x:c;xo:390px,225px,195px,489px;y:m;yo:180px,270px,250px,259px;\"\n\t\t\t\t\t\t\t\tdata-text=\"l:22;a:center,inherit,inherit,inherit;\"\n\t\t\t\t\t\t\t\tdata-dim=\"w:360px,420px,360px,360px;h:240px,200px,225px,225px;\"\n\t\t\t\t\t\t\t\tdata-vbility=\"t,t,t,f\"\n\t\t\t\t\t\t\t\tdata-border=\"bos:solid;boc:rgba(255, 255, 255, 0.3);bow:2px,2px,2px,2px;\"\n\t\t\t\t\t\t\t\tdata-frame_0=\"y:150px;\"\n\t\t\t\t\t\t\t\tdata-frame_1=\"e:expo.out;st:1200;sp:1600;\"\n\t\t\t\t\t\t\t\tdata-frame_999=\"st:w;sR:6500;auto:true;\"\n\t\t\t\t\t\t\t\tdata-frame_hover=\"c:#fff;bgc:rgba(10,10,10,0.5);boc:rgba(255,255,255,0.8);bor:0px,0px,0px,0px;bos:solid;bow:2px,2px,2px,2px;oX:50;oY:50;sp:250ms;e:default;\"\n\t\t\t\t\t\t\t\tstyle=\"z-index:25;background-color:rgba(10,10,10,0.15);cursor:pointer;\"\n\t\t\t\t\t\t\t><!--\n\t\t\t\t\t\t\t\t--><h4\n\t\t\t\t\t\t\t\t\tid=\"slider-1-slide-4-layer-1\" \n\t\t\t\t\t\t\t\t\tclass=\"rs-layer\"\n\t\t\t\t\t\t\t\t\tdata-type=\"text\"\n\t\t\t\t\t\t\t\t\tdata-rsp_ch=\"on\"\n\t\t\t\t\t\t\t\t\tdata-xy=\"xo:1px;yo:76px;\"\n\t\t\t\t\t\t\t\t\tdata-pos=\"a\"\n\t\t\t\t\t\t\t\t\tdata-text=\"w:normal;s:36;l:46;fw:700;a:inherit;\"\n\t\t\t\t\t\t\t\t\tdata-dim=\"w:100%;\"\n\t\t\t\t\t\t\t\t\tdata-padding=\"t:20;r:30;l:30;\"\n\t\t\t\t\t\t\t\t\tdata-frame_1=\"e:power3.out;st:1100;\"\n\t\t\t\t\t\t\t\t\tdata-frame_999=\"o:0;st:w;sR:7600;\"\n\t\t\t\t\t\t\t\t\tstyle=\"z-index:23;font-family:'Lato';\"\n\t\t\t\t\t\t\t\t>Uygulama \n\t\t\t\t\t\t\t\t<\/h4><!--\n\t\t\t\t\t\t\t--><\/rs-group><!--\n\n\t\t\t\t\t\t\t--><rs-group\n\t\t\t\t\t\t\t\tid=\"slider-1-slide-4-layer-4\" \n\t\t\t\t\t\t\t\tdata-type=\"group\"\n\t\t\t\t\t\t\t\tdata-xy=\"x:c;xo:0,-225px,-195px,-442px;y:m;yo:180px,270px,250px,261px;\"\n\t\t\t\t\t\t\t\tdata-pos=\"a\"\n\t\t\t\t\t\t\t\tdata-text=\"l:22;a:center,inherit,inherit,inherit;\"\n\t\t\t\t\t\t\t\tdata-dim=\"w:360px,420px,360px,360px;h:240px,200px,225px,225px;\"\n\t\t\t\t\t\t\t\tdata-vbility=\"t,t,t,f\"\n\t\t\t\t\t\t\t\tdata-border=\"bos:solid;boc:rgba(255, 255, 255, 0.3);bow:2px,2px,2px,2px;\"\n\t\t\t\t\t\t\t\tdata-frame_0=\"y:150px;\"\n\t\t\t\t\t\t\t\tdata-frame_1=\"e:expo.out;st:1200;sp:1600;\"\n\t\t\t\t\t\t\t\tdata-frame_999=\"st:w;sR:6600;auto:true;\"\n\t\t\t\t\t\t\t\tdata-frame_hover=\"c:#fff;bgc:rgba(10,10,10,0.5);boc:rgba(255,255,255,0.8);bor:0px,0px,0px,0px;bos:solid;bow:2px,2px,2px,2px;oX:50;oY:50;sp:250ms;e:default;\"\n\t\t\t\t\t\t\t\tstyle=\"z-index:10;background-color:rgba(10,10,10,0.15);cursor:pointer;\"\n\t\t\t\t\t\t\t><!--\n\t\t\t\t\t\t\t\t--><h4\n\t\t\t\t\t\t\t\t\tid=\"slider-1-slide-4-layer-5\" \n\t\t\t\t\t\t\t\t\tclass=\"rs-layer\"\n\t\t\t\t\t\t\t\t\tdata-type=\"text\"\n\t\t\t\t\t\t\t\t\tdata-rsp_ch=\"on\"\n\t\t\t\t\t\t\t\t\tdata-xy=\"\"\n\t\t\t\t\t\t\t\t\tdata-pos=\"a\"\n\t\t\t\t\t\t\t\t\tdata-text=\"w:normal;s:36;l:46;fw:700;a:inherit;\"\n\t\t\t\t\t\t\t\t\tdata-dim=\"w:100%;\"\n\t\t\t\t\t\t\t\t\tdata-padding=\"t:20;r:30;l:30;\"\n\t\t\t\t\t\t\t\t\tdata-frame_1=\"st:1000;\"\n\t\t\t\t\t\t\t\t\tdata-frame_999=\"o:0;st:w;sR:7700;\"\n\t\t\t\t\t\t\t\t\tstyle=\"z-index:6;font-family:'Lato';\"\n\t\t\t\t\t\t\t\t>3 Boyutlu Modelleme ve G\u00f6rselle\u015ftirme \n\t\t\t\t\t\t\t\t<\/h4><!--\n\t\t\t\t\t\t\t--><\/rs-group><!--\n\n\t\t\t\t\t\t\t--><rs-group\n\t\t\t\t\t\t\t\tid=\"slider-1-slide-4-layer-6\" \n\t\t\t\t\t\t\t\tdata-type=\"group\"\n\t\t\t\t\t\t\t\tdata-xy=\"x:c;xo:-390px,225px,195px,506px;y:m;yo:180px,45px,0,34px;\"\n\t\t\t\t\t\t\t\tdata-pos=\"a\"\n\t\t\t\t\t\t\t\tdata-text=\"l:22;a:center,inherit,inherit,inherit;\"\n\t\t\t\t\t\t\t\tdata-dim=\"w:360px,420px,360px,460px;h:240px,200px,225px,155px;\"\n\t\t\t\t\t\t\t\tdata-vbility=\"t,t,t,f\"\n\t\t\t\t\t\t\t\tdata-column=\"a:middle;\"\n\t\t\t\t\t\t\t\tdata-border=\"bos:solid;boc:rgba(255, 255, 255, 0.3);bow:2px,2px,2px,2px;\"\n\t\t\t\t\t\t\t\tdata-frame_0=\"y:150px;\"\n\t\t\t\t\t\t\t\tdata-frame_1=\"e:expo.out;st:1200;sp:1600;\"\n\t\t\t\t\t\t\t\tdata-frame_999=\"st:w;sR:6700;auto:true;\"\n\t\t\t\t\t\t\t\tdata-frame_hover=\"c:#fff;bgc:rgba(10,10,10,0.5);boc:rgba(255,255,255,0.8);bor:0px,0px,0px,0px;bos:solid;bow:2px,2px,2px,2px;oX:50;oY:50;sp:250ms;e:default;\"\n\t\t\t\t\t\t\t\tstyle=\"z-index:9;background-color:rgba(10,10,10,0.15);cursor:pointer;\"\n\t\t\t\t\t\t\t><!--\n\t\t\t\t\t\t\t\t--><h4\n\t\t\t\t\t\t\t\t\tid=\"slider-1-slide-4-layer-7\" \n\t\t\t\t\t\t\t\t\tclass=\"rs-layer\"\n\t\t\t\t\t\t\t\t\tdata-type=\"text\"\n\t\t\t\t\t\t\t\t\tdata-rsp_ch=\"on\"\n\t\t\t\t\t\t\t\t\tdata-xy=\"xo:-1px,-1px,-1px,0;yo:75px,75px,75px,0;\"\n\t\t\t\t\t\t\t\t\tdata-pos=\"a\"\n\t\t\t\t\t\t\t\t\tdata-text=\"w:normal;s:36,36,36,28;l:46,46,46,38;fw:700;a:inherit;\"\n\t\t\t\t\t\t\t\t\tdata-dim=\"w:100%;\"\n\t\t\t\t\t\t\t\t\tdata-padding=\"t:20;r:30;l:30;\"\n\t\t\t\t\t\t\t\t\tdata-frame_1=\"st:900;\"\n\t\t\t\t\t\t\t\t\tdata-frame_999=\"o:0;st:w;sR:7800;\"\n\t\t\t\t\t\t\t\t\tstyle=\"z-index:6;font-family:'Lato';\"\n\t\t\t\t\t\t\t\t>Cephe Tasar\u0131m\u0131 \n\t\t\t\t\t\t\t\t<\/h4><!--\n\t\t\t\t\t\t\t--><\/rs-group><!--\n\n\t\t\t\t\t\t\t--><rs-group\n\t\t\t\t\t\t\t\tid=\"slider-1-slide-4-layer-9\" \n\t\t\t\t\t\t\t\tdata-type=\"group\"\n\t\t\t\t\t\t\t\tdata-xy=\"x:c;xo:390px,-225px,-195px,0;y:m;yo:-90px,45px,0,210px;\"\n\t\t\t\t\t\t\t\tdata-pos=\"a\"\n\t\t\t\t\t\t\t\tdata-text=\"l:22;a:center,inherit,inherit,inherit;\"\n\t\t\t\t\t\t\t\tdata-dim=\"w:360px,420px,360px,460px;h:240px,200px,225px,155px;\"\n\t\t\t\t\t\t\t\tdata-border=\"bos:solid;boc:rgba(255, 255, 255, 0.3);bow:2px,2px,2px,2px;\"\n\t\t\t\t\t\t\t\tdata-frame_0=\"y:150px;\"\n\t\t\t\t\t\t\t\tdata-frame_1=\"e:expo.out;st:1000;sp:1600;\"\n\t\t\t\t\t\t\t\tdata-frame_999=\"st:w;sR:6800;auto:true;\"\n\t\t\t\t\t\t\t\tdata-frame_hover=\"c:#fff;bgc:rgba(10,10,10,0.5);boc:rgba(255,255,255,0.8);bor:0px,0px,0px,0px;bos:solid;bow:2px,2px,2px,2px;oX:50;oY:50;sp:250ms;e:default;\"\n\t\t\t\t\t\t\t\tstyle=\"z-index:8;background-color:rgba(10,10,10,0.15);cursor:pointer;\"\n\t\t\t\t\t\t\t><!--\n\t\t\t\t\t\t\t\t--><h4\n\t\t\t\t\t\t\t\t\tid=\"slider-1-slide-4-layer-10\" \n\t\t\t\t\t\t\t\t\tclass=\"rs-layer\"\n\t\t\t\t\t\t\t\t\tdata-type=\"text\"\n\t\t\t\t\t\t\t\t\tdata-rsp_ch=\"on\"\n\t\t\t\t\t\t\t\t\tdata-xy=\"yo:58px,58px,58px,0;\"\n\t\t\t\t\t\t\t\t\tdata-pos=\"a\"\n\t\t\t\t\t\t\t\t\tdata-text=\"w:normal;s:36,36,36,28;l:46,46,46,38;fw:700;a:inherit;\"\n\t\t\t\t\t\t\t\t\tdata-dim=\"w:100%;\"\n\t\t\t\t\t\t\t\t\tdata-padding=\"t:20;r:30;l:30;\"\n\t\t\t\t\t\t\t\t\tdata-frame_1=\"e:power3.out;st:800;\"\n\t\t\t\t\t\t\t\t\tdata-frame_999=\"o:0;st:w;sR:7900;\"\n\t\t\t\t\t\t\t\t\tstyle=\"z-index:6;font-family:'Lato';\"\n\t\t\t\t\t\t\t\t>Proje Dan\u0131\u015fmanl\u0131\u011f\u0131 \n\t\t\t\t\t\t\t\t<\/h4><!--\n\t\t\t\t\t\t\t--><\/rs-group><!--\n\n\t\t\t\t\t\t\t--><rs-group\n\t\t\t\t\t\t\t\tid=\"slider-1-slide-4-layer-12\" \n\t\t\t\t\t\t\t\tdata-type=\"group\"\n\t\t\t\t\t\t\t\tdata-xy=\"x:c;xo:-390px,-225px,-195px,0;y:m;yo:-89px,-179px,-250px,-133px;\"\n\t\t\t\t\t\t\t\tdata-pos=\"a\"\n\t\t\t\t\t\t\t\tdata-text=\"l:22;a:center,inherit,inherit,inherit;\"\n\t\t\t\t\t\t\t\tdata-dim=\"w:360px,420px,360px,460px;h:240px,200px,225px,154px;\"\n\t\t\t\t\t\t\t\tdata-border=\"bos:solid;boc:rgba(255, 255, 255, 0.3);bow:2px,2px,2px,2px;\"\n\t\t\t\t\t\t\t\tdata-frame_0=\"y:150px;\"\n\t\t\t\t\t\t\t\tdata-frame_1=\"e:expo.out;st:1000;sp:1600;\"\n\t\t\t\t\t\t\t\tdata-frame_999=\"st:w;sR:7000;auto:true;\"\n\t\t\t\t\t\t\t\tdata-frame_hover=\"c:#fff;bgc:rgba(10,10,10,0.5);boc:rgba(255,255,255,0.8);bor:0px,0px,0px,0px;bos:solid;bow:2px,2px,2px,2px;oX:50;oY:50;sp:250ms;e:default;\"\n\t\t\t\t\t\t\t\tstyle=\"z-index:6;background-color:rgba(10,10,10,0.15);cursor:pointer;\"\n\t\t\t\t\t\t\t><!--\n\t\t\t\t\t\t\t\t--><h4\n\t\t\t\t\t\t\t\t\tid=\"slider-1-slide-4-layer-13\" \n\t\t\t\t\t\t\t\t\tclass=\"rs-layer\"\n\t\t\t\t\t\t\t\t\tdata-type=\"text\"\n\t\t\t\t\t\t\t\t\tdata-rsp_ch=\"on\"\n\t\t\t\t\t\t\t\t\tdata-xy=\"yo:34px,34px,34px,0;\"\n\t\t\t\t\t\t\t\t\tdata-pos=\"a\"\n\t\t\t\t\t\t\t\t\tdata-text=\"w:normal;s:36,36,36,28;l:46,46,46,38;fw:700;a:inherit;\"\n\t\t\t\t\t\t\t\t\tdata-dim=\"w:100%;\"\n\t\t\t\t\t\t\t\t\tdata-padding=\"t:20;r:30;l:30;\"\n\t\t\t\t\t\t\t\t\tdata-frame_1=\"st:600;\"\n\t\t\t\t\t\t\t\t\tdata-frame_999=\"o:0;st:w;sR:8100;\"\n\t\t\t\t\t\t\t\t\tstyle=\"z-index:6;font-family:'Lato';\"\n\t\t\t\t\t\t\t\t>Mimari Proje Y\u00f6netimi ve Uygulama \n\t\t\t\t\t\t\t\t<\/h4><!--\n\t\t\t\t\t\t\t--><\/rs-group><!--\n\n\t\t\t\t\t\t\t--><rs-group\n\t\t\t\t\t\t\t\tid=\"slider-1-slide-4-layer-15\" \n\t\t\t\t\t\t\t\tdata-type=\"group\"\n\t\t\t\t\t\t\t\tdata-xy=\"x:c;xo:0,225px,195px,0;y:m;yo:-90px,-180px,-250px,40px;\"\n\t\t\t\t\t\t\t\tdata-pos=\"a\"\n\t\t\t\t\t\t\t\tdata-text=\"l:22;a:center,inherit,inherit,inherit;\"\n\t\t\t\t\t\t\t\tdata-dim=\"w:360px,420px,360px,460px;h:240px,200px,225px,155px;\"\n\t\t\t\t\t\t\t\tdata-border=\"bos:solid;boc:rgba(255, 255, 255, 0.3);bow:2px,2px,2px,2px;\"\n\t\t\t\t\t\t\t\tdata-frame_0=\"y:150px;\"\n\t\t\t\t\t\t\t\tdata-frame_1=\"e:expo.out;st:1000;sp:1600;\"\n\t\t\t\t\t\t\t\tdata-frame_999=\"st:w;sR:6900;auto:true;\"\n\t\t\t\t\t\t\t\tdata-frame_hover=\"c:#fff;bgc:rgba(10,10,10,0.5);boc:rgba(255,255,255,0.8);bor:0px,0px,0px,0px;bos:solid;bow:2px,2px,2px,2px;oX:50;oY:50;sp:250ms;e:default;\"\n\t\t\t\t\t\t\t\tstyle=\"z-index:7;background-color:rgba(10,10,10,0.15);cursor:pointer;\"\n\t\t\t\t\t\t\t><!--\n\t\t\t\t\t\t\t\t--><h4\n\t\t\t\t\t\t\t\t\tid=\"slider-1-slide-4-layer-16\" \n\t\t\t\t\t\t\t\t\tclass=\"rs-layer\"\n\t\t\t\t\t\t\t\t\tdata-type=\"text\"\n\t\t\t\t\t\t\t\t\tdata-rsp_ch=\"on\"\n\t\t\t\t\t\t\t\t\tdata-xy=\"xo:1px,1px,1px,0;yo:82px,82px,82px,0;\"\n\t\t\t\t\t\t\t\t\tdata-pos=\"a\"\n\t\t\t\t\t\t\t\t\tdata-text=\"w:normal;s:36,36,36,28;l:46,46,46,38;fw:700;a:inherit;\"\n\t\t\t\t\t\t\t\t\tdata-dim=\"w:100%;\"\n\t\t\t\t\t\t\t\t\tdata-padding=\"t:20;r:30;l:30;\"\n\t\t\t\t\t\t\t\t\tdata-frame_1=\"st:700;\"\n\t\t\t\t\t\t\t\t\tdata-frame_999=\"o:0;st:w;sR:8000;\"\n\t\t\t\t\t\t\t\t\tstyle=\"z-index:6;font-family:'Lato';\"\n\t\t\t\t\t\t\t\t>Yap\u0131 Ruhsat\u0131 \n\t\t\t\t\t\t\t\t<\/h4><!--\n\t\t\t\t\t\t\t--><\/rs-group><!--\n-->\t\t\t\t\t\t<\/rs-slide>\n\t\t\t\t\t<\/rs-slides>\n\t\t\t\t<\/rs-module>\n\t\t\t\t<script>\n\t\t\t\t\tsetREVStartSize({c: 'woodmart-layout-full-screen',rl:[1240,1024,778,480],el:[680,768,960,720],gw:[1620,1024,778,480],gh:[680,768,960,720],type:'standard',justify:'',layout:'fullscreen',offsetContainer:'',offset:'',mh:\"0\"});if (window.RS_MODULES!==undefined && window.RS_MODULES.modules!==undefined && window.RS_MODULES.modules[\"woodmartlayoutfullscreen\"]!==undefined) {window.RS_MODULES.modules[\"woodmartlayoutfullscreen\"].once = false;window.revapi1 = undefined;if (window.RS_MODULES.checkMinimal!==undefined) window.RS_MODULES.checkMinimal()}\n\t\t\t\t<\/script>\n\t\t\t<\/rs-module-wrap>\n\t\t\t<!-- END REVOLUTION SLIDER -->\n<\/div>\n\n\t\t\t\t<\/div>\n\t\t\t\t<\/div>\n\t\t\t\t\t<\/div>\n\t\t\t\t<\/div>\n\t\t\t\t<\/div>\n\t\t","protected":false},"excerpt":{"rendered":"","protected":false},"author":1,"featured_media":0,"parent":0,"menu_order":0,"comment_status":"closed","ping_status":"closed","template":"","meta":{"footnotes":""},"class_list":["post-1584","page","type-page","status-publish","hentry"],"_links":{"self":[{"href":"https:\/\/www.cihanoglumimarlik.com\/index.php?rest_route=\/wp\/v2\/pages\/1584","targetHints":{"allow":["GET"]}}],"collection":[{"href":"https:\/\/www.cihanoglumimarlik.com\/index.php?rest_route=\/wp\/v2\/pages"}],"about":[{"href":"https:\/\/www.cihanoglumimarlik.com\/index.php?rest_route=\/wp\/v2\/types\/page"}],"author":[{"embeddable":true,"href":"https:\/\/www.cihanoglumimarlik.com\/index.php?rest_route=\/wp\/v2\/users\/1"}],"replies":[{"embeddable":true,"href":"https:\/\/www.cihanoglumimarlik.com\/index.php?rest_route=%2Fwp%2Fv2%2Fcomments&post=1584"}],"version-history":[{"count":3,"href":"https:\/\/www.cihanoglumimarlik.com\/index.php?rest_route=\/wp\/v2\/pages\/1584\/revisions"}],"predecessor-version":[{"id":16331,"href":"https:\/\/www.cihanoglumimarlik.com\/index.php?rest_route=\/wp\/v2\/pages\/1584\/revisions\/16331"}],"wp:attachment":[{"href":"https:\/\/www.cihanoglumimarlik.com\/index.php?rest_route=%2Fwp%2Fv2%2Fmedia&parent=1584"}],"curies":[{"name":"wp","href":"https:\/\/api.w.org\/{rel}","templated":true}]}}